7028336.
2, 3, 283, 7879
List the prime factors of 408238491.
3, 107, 137, 9283
What are the prime factors of 2362690077?
3, 11, 67, 317, 3371
What are the prime factors of 945534684?
2, 3, 1913, 41189
List the prime factors of 90378054.
2, 3, 13, 79, 4889
List the prime factors of 93135242.
2, 173, 269177
List the prime factors of 5599816312.
2, 11731, 59669
What are the prime factors of 381540574?
2, 190770287
List the prime factors of 61199132.
2, 101, 151483
What are the prime factors of 115653321?
3, 7, 1835767
What are the prime factors of 983951912?
2, 122993989
List the prime factors of 167172890.
2, 5, 47, 401, 887
What are the prime factors of 2957940936?
2, 3, 2459, 5569
List the prime factors of 133471913.
17, 37, 443, 479
List the prime factors of 791033804.
2, 11, 37, 485893
What are the prime factors of 43992133?
67, 656599
List the prime factors of 58813080.
2, 3, 5, 173, 2833
List the prime factors of 1399529969.
67, 2213, 9439
List the prime factors of 2500138361.
7, 357162623
What are the prime factors of 357224347?
357224347
What are the prime factors of 38573999?
457, 84407
What are the prime factors of 677196851?
677196851
What are the prime factors of 151670246?
2, 7, 13, 833353
What are the prime factors of 67897328?
2, 47, 90289
List the prime factors of 28537123.
1889, 15107
List the prime factors of 2390166.
2, 3, 17, 73, 107
List the prime factors of 333018271.
1301, 255971
List the prime factors of 8616265.
5, 7, 173, 1423
What are the prime factors of 4045487123?
113, 701, 51071
List the prime factors of 127410454.
2, 887, 71821
List the prime factors of 803507698.
2, 7, 29, 281, 7043
What are the prime factors of 12531635?
5, 17, 379, 389
List the prime factors of 84600676.
2, 4253, 4973
What are the prime factors of 28364302?
2, 19, 746429
What are the prime factors of 559557454?
2, 5779, 48413
List the prime factors of 4133794867.
283, 691, 21139
List the prime factors of 458194664.
2, 29, 127, 15551
List the prime factors of 54845451.
3, 17, 119489
List the prime factors of 11272125.
3, 5, 30059
What are the prime factors of 30312427?
3319, 9133
List the prime factors of 139577208.
2, 3, 17, 342101
What are the prime factors of 9594485?
5, 1918897
What are the prime factors of 1596106252?
2, 13, 23, 1334537
What are the prime factors of 24991419?
3, 113, 73721
List the prime factors of 83587802.
2, 19, 29, 101, 751
What are the prime factors of 1802896808?
2, 225362101
What are the prime factors of 2355525555?
3, 5, 47, 3341171
What are the prime factors of 24815891?
157, 263, 601
List the prime factors of 377264117.
377264117
List the prime factors of 971131.
7, 19819
What are the prime factors of 23269296?
2, 3, 484777
What are the prime factors of 1643496603?
3, 7, 41, 389, 701
What are the prime factors of 115301435?
5, 37, 499, 1249
What are the prime factors of 2142448216?
2, 267806027
What are the prime factors of 186887893?
186887893
List the prime factors of 817884056.
2, 11, 113, 233, 353
What are the prime factors of 80050698?
2, 3, 7, 13, 48871
What are the prime factors of 56605796?
2, 13, 29, 37537
List the prime factors of 172136128.
2, 307, 8761
What are the prime factors of 4460728322?
2, 29, 31, 887, 2797
List the prime factors of 2964712277.
2964712277
What are the prime factors of 252581846?
2, 11, 61, 107, 1759
What are the prime factors of 3451678?
2, 53, 32563
What are the prime factors of 28750655?
5, 17, 409, 827
What are the prime factors of 57482474?
2, 7, 17, 23, 10501
What are the prime factors of 276086069?
7, 17, 2320051
What are the prime factors of 468910380?
2, 3, 5, 107, 73039
What are the prime factors of 1407690043?
83, 16960121
What are the prime factors of 26115847?
229, 114043
What are the prime factors of 1019235420?
2, 3, 5, 7, 47, 5737
List the prime factors of 53531095.
5, 373, 28703
What are the prime factors of 957321837?
3, 106369093
What are the prime factors of 1667517976?
2, 19, 67, 73, 2243
List the prime factors of 207452942.
2, 109, 541, 1759
What are the prime factors of 1099560073?
1099560073
List the prime factors of 488031800.
2, 5, 587, 4157
What are the prime factors of 1030985432?
2, 163, 790633
What are the prime factors of 143062507?
7, 23, 61, 2081
What are the prime factors of 437367854?
2, 7, 11, 617, 4603
List the prime factors of 100826241.
3, 331, 101537
List the prime factors of 2376796377.
3, 792265459
What are the prime factors of 271115299?
7, 13, 53, 67, 839
List the prime factors of 206073264.
2, 3, 1933, 2221
What are the prime factors of 568801616?
2, 769, 46229
List the prime factors of 65443008.
2, 3, 340849
What are the prime factors of 12720366?
2, 3, 223, 3169
List the prime factors of 3518126569.
26339, 133571
List the prime factors of 1399962873.
3, 23, 20289317
List the prime factors of 528476937.
3, 199, 641, 1381
What are the prime factors of 2755993884?
2, 3, 7, 677, 48463
What are the prime factors of 74668759?
11, 47, 144427
List the prime factors of 177709873.
11, 337, 47939
What are the prime factors of 1615616486?
2, 11, 823, 89231
List the prime factors of 118490552.
2, 14811319
List the prime factors of 450223215.
3, 5, 13, 37, 62401
List the prime factors of 174160446.
2, 3, 29026741
What are the prime factors of 226826656?
2, 7, 1012619
List the prime factors of 48917148.
2, 3, 7, 229, 2543
List the prime factors of 25700552.
2, 181, 17749
What are the prime factors of 363635504?
2, 22727219
List the prime factors of 703821093.
3, 234607031
What are the prime factors of 494449568?
2, 107, 144407
List the prime factors of 103088945.
5, 1361, 15149
List the prime factors of 92967160.
2, 5, 11, 13, 16253
List the prime factors of 26878417.
229, 117373
What are the prime factors of 77941019?
13, 1579, 3797
What are the prime factors of 353228987?
79, 163, 27431
What are the prime factors of 2445543804?
2, 3, 11, 18526847
List the prime factors of 485763409.
485763409
List the prime factors of 56745750.
2, 3, 5, 29, 2609
What are the prime factors of 190277155?
5, 53, 181, 3967
What are the prime factors of 230389424?
2, 14399339
List the prime factors of 4241282339.
7, 43, 1877, 7507
What are the prime factors of 7468032?
2, 3, 11, 13, 17
List the prime factors of 1381509655.
5, 653, 423127
List the prime factors of 150938080.
2, 5, 943363
List the prime factors of 232903323.
3, 67, 128747
List the prime factors of 1278323506.
2, 5927, 107839
What are the prime factors of 159503036?
2, 7, 11, 167, 443
What are the prime factors of 141596053?
491, 288383
List the prime factors of 1225896514.
2, 10399, 58943
List the prime factors of 1602622782.
2, 3, 59, 1509061
What are the prime factors of 297011502?
2, 3, 419, 13127
What are the prime factors of 93490835?
5, 18698167
List the prime factors of 95904063.
3, 10656007
List the prime factors of 385996677.
3, 11, 887, 13187
List the prime factors of 1151161009.
1151161009
List the prime factors of 28480112.
2, 1780007
What are the prime factors of 2493440655?
3, 5, 166229377
List the prime factors of 1475106226.
2, 11, 67050283
What are the prime factors of 1120527?
3, 47, 883
What are the prime factors of 14727350?
2, 5, 11, 26777
List the prime factors of 1408655877.
3, 19, 43, 574727
What are the prime factors of 573246849?
3, 7, 941, 29009
List the prime factors of 1387272654.
2, 3, 67, 1150309
List the prime factors of 26251569.
3, 2916841
What are the prime factors of 37875484?
2, 9468871
List the prime factors of 80186542.
2, 40093271
List the prime factors of 6837913537.
7, 13, 67, 197, 5693
List the prime factors of 15181599.
3, 31, 163243
List the prime factors of 5702588042.
2, 631, 4518691
List the prime factors of 6615463323.
3, 7, 59, 691, 7727
List the prime factors of 784251200.
2, 5, 43, 11399
What are the prime factors of 6155504720?
2, 5, 23, 3345383
What are the prime factors of 194898406?
2, 97449203
What are the prime factors of 4569029066?
2, 7, 19, 17176801
List the prime factors of 39060704.
2, 457, 2671
What are the prime factors of 250954500?
2, 3, 5, 293, 571
List the prime factors of 69679366.
2, 241, 144563
What are the prime factors of 144008124?
2, 3, 13, 923129
List the prime factors of 1285629858.
2, 3, 71423881
What are the prime fact